, what is 1000 - -100110011001110111011001?
100110011001110111100001
In base 4, what is 332313231220 - -3?
332313231223
In base 8, what is 1 + -1474341312?
-1474341311
In base 12, what is -7 - 2b00164?
-2b0016b
In base 5, what is -2131 - 11342044?
-11344230
In base 5, what is -31 + -111421000?
-111421031
In base 7, what is 1163 + 3652?
5145
In base 5, what is -2133443140 - 3?
-2133443143
In base 10, what is 697799 + -2?
697797
In base 7, what is 23 + -222213462?
-222213436
In base 10, what is 688634 + -4?
688630
In base 2, what is 1000110010101011011100100 + -11?
1000110010101011011100001
In base 5, what is 410413403 - 11?
410413342
In base 7, what is 125362 - 52?
125310
In base 13, what is 768c + 183b?
91ca
In base 9, what is -2 - 3845013?
-3845015
In base 14, what is -3 + -3523d17?
-3523d1a
In base 5, what is -11322 + 4032012?
4020140
In base 7, what is -4033211 + 2?
-4033206
In base 11, what is 6a09582 - -4?
6a09586
In base 14, what is 1 - -5bc3d70?
5bc3d71
In base 13, what is 3 - -14403c1?
14403c4
In base 2, what is -101 - 1010000110010101100000?
-1010000110010101100101
In base 3, what is -1000011101200100 - 102?
-1000011101200202
In base 5, what is 12443414 - -22?
12443441
In base 10, what is 1 + 17677937?
17677938
In base 3, what is -102022110 - 20111021210?
-20220121020
In base 9, what is 1732102 - 5?
1732086
In base 2, what is -1111010111001 + -101111101111?
-10101010101000
In base 3, what is 212111101101210002 + -10?
212111101101202222
In base 4, what is 301100 - -30101331?
31003031
In base 8, what is -1152646 + -27?
-1152675
In base 6, what is -22454411 - 1232?
-22500043
In base 14, what is 94895a1 - 5?
948959a
In base 14, what is 30c6 - -104bd?
135a5
In base 7, what is -611002 - -14?
-610655
In base 6, what is -4 - 54312553?
-54313001
In base 9, what is -3211666 + 331?
-3211335
In base 10, what is 1968307 + -402?
1967905
In base 3, what is -12121002 - -1020211000?
1001012221
In base 5, what is -43131423 - 34?
-43132012
In base 8, what is -244406 - 122?
-244530
In base 15, what is -7a89dc - -e9?
-7a88e3
In base 9, what is 2 - -1332853?
1332855
In base 6, what is 134 + 123241500?
123242034
In base 10, what is 6 + 314176?
314182
In base 11, what is 301757 - 34?
301723
In base 8, what is 124606 + -31412?
73174
In base 4, what is -332130030 + -100?
-332130130
In base 10, what is 5774 + 49943?
55717
In base 12, what is -4565117 - 9?
-4565124
In base 10, what is 697269 - 17?
697252
In base 5, what is 2033 + -131014304?
-131012221
In base 4, what is 3021313 + 1130331?
10212310
In base 5, what is -123441 + -1322013?
-2001004
In base 6, what is -34231541 + 1?
-34231540
In base 14, what is -b0d16 + 17?
-b0cdd
In base 16, what is dac + 1db3e?
1e8ea
In base 8, what is -25 + -24141721?
-24141746
In base 13, what is 21b133 - 6b8?
21a748
In base 13, what is 87 + -2326c1?
-232637
In base 16, what is 1807c40e + 2?
1807c410
In base 4, what is 1033220201133 + -120?
1033220201013
In base 9, what is 1405 + -77176?
-75671
In base 8, what is -2 - -44706333?
44706331
In base 16, what is -4 - -3a7f81d?
3a7f819
In base 9, what is 13207 - 1233?
11864
In base 10, what is 33236 - -232?
33468
In base 11, what is 342a565a + 0?
342a565a
In base 10, what is -128 + -294413?
-294541
In base 11, what is 461a896a + -4?
461a8966
In base 10, what is -1787 - -110?
-1677
In base 9, what is -6085 + 30475?
23380
In base 7, what is 222610 - 52?
222525
In base 12, what is 5 + 2531011?
2531016
In base 14, what is -b191 - -71?
-b120
In base 3, what is 20122 + -11021201?
-11001002
In base 8, what is 150060136 - -4?
150060142
In base 11, what is -54 - -4880?
4827
In base 6, what is -1352213255 + -1?
-1352213300
In base 3, what is 20 + -21210202022?
-21210202002
In base 6, what is -305242150042 + 3?
-305242150035
In base 16, what is 9cf286 - -1?
9cf287
In base 3, what is 2012212212221101221 + -2?
2012212212221101212
In base 7, what is -2 - -13520344?
13520342
In base 9, what is -5754 - -3576?
-2167
In base 10, what is 89 + 647070?
647159
In base 8, what is -1144071576 - -3?
-1144071573
In base 10, what is -31 - -22018?
21987
In base 7, what is 1125 - -26332?
30460
In base 2, what is -1100100001011000 - 1?
-1100100001011001
In base 6, what is 5 + -554353523?
-554353514
In base 4, what is -11313232320 - 111?
-11313233031
In base 7, what is 12531 + -202265?
-156434
In base 12, what is -776a4 + -15a?
-77842
In base 7, what is -1 + 232422262?
232422261
In base 11, what is -14 + -2342591?
-23425a5
In base 7, what is -4 - 35303064?
-35303101
In base 16, what is -103c + 78a?
-8b2
In base 10, what is 2147 - 4107?
-1960
In base 2, what is 100110 - 110111101100000110001?
-110111101100000001011
In base 16, what is -e5a - 711e?
-7f78
In base 5, what is 1442333240 + 104?
1442333344
In base 13, what is 216 + 25378?
25591
In base 15, what is -b + 428105?
4280e9
In base 6, what is 5 - 4221300?
-4221251
In base 12, what is 191a562 - -b?
191a571
In base 6, what is -251 + 522530?
522235
In base 15, what is -d5782 + -c?
-d578e
In base 15, what is 3 - a3a6a0?
-a3a69c
In base 7, what is 3 + 3340660?
3340663
In base 14, what is 288304 - 11?
2882d3
In base 8, what is -1144 - 421171?
-422335
In base 10, what is -36 + 35145?
35109
In base 15, what is 630 - 6594?
-5e64
In base 11, what is -a69 + 4257?
3299
In base 3, what is -2 - 1022022010102001?
-1022022010102010
In base 12, what is -330 - -311759?
311429
In base 12, what is -1 - 286582?
-286583
In base 16, what is 10240 + -8e?
101b2
In base 4, what is 20213 + -202132232?
-202112013
In base 3, what is -2220 + -21102210100?
-21102220020
In base 8, what is -303 + -525426?
-525731
In base 2, what is -11010101000 - -1100110011110?
1001011110110
In base 12, what is 53 + -3007552?
-30074bb
In base 4, what is -3010333130 - 11?
-3010333201
In base 9, what is -28723241 - -14?
-28723226
In base 8, what is 216 + 135334?
135552
In base 5, what is -13332110403 + 13?
-13332110340
In base 12, what is 6b887 - a?
6b879
In base 10, what is 178389291 + 2?
178389293
In base 6, what is 3 - 213220423?
-213220420
In base 12, what is 84 - 1970b8b?
-1970b07
In base 9, what is 1747 + -447433?
-445575
In base 15, what is -5 + c7634d2?
c7634cc
In base 11, what is -17a26 + -5511?
-22437
In base 2, what is -10001 + 1101010010000000000110111?
1101010010000000000100110
In base 2, what is -100 - -1001010111011010011110110?
1001010111011010011110010
In base 14, what is -4 - -824320?
82431a
In base 14, what is 8449 + 1a2?
860b
In base 8, what is -1 - -210247110?
210247107
In base 5, what is -3 + -401044120134?
-401044120142
In base 9, what is -17 - -5001756?
5001738
In base 2, what is 1100110001010111 + -11110101?
1100101101100010
In base 13, what is a1c - -12b30?
1384c
In base 16, what is -166d7 + -101?
-167d8
In base 12, what is 1a35b6 - -26?
1a3620
In base 14, what is -1 - -ac635a?
ac6359
In base 15, what is -2cda1 - 3?
-2cda4
In base 7, what is 1 - 144663300?
-144663266
In base 9, what is 207354632 - 1?
207354631
In base 16, what is -cdd168b + 5?
-cdd1686
In base 7, what is -152 + -143420606?
-143421061
In base 8, what is 12 - -11631706?
11631720
In base 13, what is -2a87 + -96c4?
-c47b
In base 6, what is 1123 + -201431?
-200304
In base 2, what is 1111010001 + -10111010?
1100010111
In base 12, what is 42abb + 3507?
46406
In base 6, what is -24320110441 + 2?
-24320110435
In base 6, what is 5 - 143042541?
-143042532
In base 13, what is 655657 + 51?
6556a8
In base 13, what is 5 + 14cac64a?
14cac652
In base 15, what is -20670 - 41?
-206b1
In base 13, what is 16a1026 + 0?
16a1026
In base 12, what is 52b22b21 - -3?
52b22b24
In base 4, what is -10323202 - -12133?
-10311003
In base 6, what is -10032132135 + -3?
-10032132142
In base 8, what is -237764 + 3230?
-234534
In base 12, what is 179111b - -31?
1791150
In base 6, what is -3343350 - -330?
-3343020
In base 15, what is -61424 + -2c?
-61451
In base 11, what is 12 - -6460779?
6460790
In base 11, what is -1a0397 + -763?
-1a104a
In base 16, what is 7020a96 - 2?
7020a94
In base 15, what is 34390e + d?
34391c
In base 15, what is -4 - 37d283?
-37d287
In base 14, what is 5bc9a7 - -5?
5bc9ac
In base 11, what is -3 + -9345618?
-9345620
In base 2, what is -10001 - -111100101111010110110?
111100101111010100101
In base 9, what is 62428 + -2155?
60263
